divided by 400.
34
What is the remainder when 570400 is divided by 376?
8
What is the remainder when 24511 is divided by 6124?
15
Calculate the remainder when 95544 is divided by 43.
41
Calculate the remainder when 204397 is divided by 146.
143
Calculate the remainder when 1567 is divided by 378.
55
Calculate the remainder when 4918 is divided by 1218.
46
What is the remainder when 32230 is divided by 8055?
10
What is the remainder when 329199 is divided by 200?
199
Calculate the remainder when 1762 is divided by 135.
7
Calculate the remainder when 6505 is divided by 112.
9
Calculate the remainder when 233727 is divided by 42.
39
What is the remainder when 16234 is divided by 1826?
1626
Calculate the remainder when 15233 is divided by 1014.
23
What is the remainder when 191451 is divided by 119?
99
What is the remainder when 21446 is divided by 24?
14
What is the remainder when 18301 is divided by 6056?
133
What is the remainder when 31188 is divided by 303?
282
What is the remainder when 15962 is divided by 116?
70
Calculate the remainder when 9700 is divided by 221.
197
Calculate the remainder when 2899 is divided by 58.
57
Calculate the remainder when 480782 is divided by 7.
1
What is the remainder when 35083 is divided by 247?
9
Calculate the remainder when 237857 is divided by 75.
32
Calculate the remainder when 71517 is divided by 50.
17
What is the remainder when 9643 is divided by 3186?
85
What is the remainder when 88725 is divided by 6?
3
Calculate the remainder when 68064 is divided by 2836.
0
Calculate the remainder when 9779 is divided by 4877.
25
What is the remainder when 13847 is divided by 12?
11
Calculate the remainder when 177 is divided by 68.
41
What is the remainder when 148101 is divided by 374?
371
What is the remainder when 7810 is divided by 142?
0
What is the remainder when 26838 is divided by 69?
66
Calculate the remainder when 21191 is divided by 275.
16
What is the remainder when 3791 is divided by 3493?
298
Calculate the remainder when 25480 is divided by 186.
184
Calculate the remainder when 620944 is divided by 40.
24
What is the remainder when 57058 is divided by 180?
178
Calculate the remainder when 100529 is divided by 354.
347
What is the remainder when 51526 is divided by 598?
98
Calculate the remainder when 13468 is divided by 190.
168
What is the remainder when 57913 is divided by 276?
229
Calculate the remainder when 7120 is divided by 647.
3
What is the remainder when 29438 is divided by 9812?
2
What is the remainder when 8609 is divided by 2844?
77
Calculate the remainder when 1112 is divided by 326.
134
What is the remainder when 1097 is divided by 100?
97
What is the remainder when 9527 is divided by 1361?
0
Calculate the remainder when 336995 is divided by 354.
341
Calculate the remainder when 27305 is divided by 260.
5
What is the remainder when 19902 is divided by 63?
57
Calculate the remainder when 1236 is divided by 16.
4
What is the remainder when 230328 is divided by 289?
284
Calculate the remainder when 1592690 is divided by 20.
10
Calculate the remainder when 627454 is divided by 67.
66
Calculate the remainder when 436702 is divided by 358.
300
Calculate the remainder when 186600 is divided by 136.
8
Calculate the remainder when 30026 is divided by 162.
56
What is the remainder when 28282 is divided by 644?
590
What is the remainder when 6061 is divided by 1073?
696
What is the remainder when 178184 is divided by 17813?
54
What is the remainder when 3374 is divided by 199?
190
What is the remainder when 51985 is divided by 41?
38
Calculate the remainder when 127092 is divided by 7942.
20
Calculate the remainder when 2800 is divided by 118.
86
What is the remainder when 2655 is divided by 271?
216
Calculate the remainder when 2166 is divided by 107.
26
Calculate the remainder when 109221 is divided by 18182.
129
What is the remainder when 145216 is divided by 247?
227
Calculate the remainder when 9769 is divided by 204.
181
What is the remainder when 14823 is divided by 42?
39
What is the remainder when 6589 is divided by 153?
10
Calculate the remainder when 5279 is divided by 5275.
4
What is the remainder when 2504 is divided by 34?
22
What is the remainder when 15059 is divided by 110?
99
Calculate the remainder when 8937668 is divided by 1271.
1267
Calculate the remainder when 3337 is divided by 109.
67
Calculate the remainder when 160502 is divided by 482.
478
What is the remainder when 1231451 is divided by 433?
432
Calculate the remainder when 63 is divided by 62.
1
What is the remainder when 2169 is divided by 78?
63
Calculate the remainder when 4084 is divided by 765.
259
What is the remainder when 73322 is divided by 117?
80
Calculate the remainder when 10673 is divided by 2668.
1
What is the remainder when 2051 is divided by 11?
5
What is the remainder when 530 is divided by 501?
29
What is the remainder when 25042 is divided by 49?
3
What is the remainder when 25068 is divided by 218?
216
Calculate the remainder when 520 is divided by 255.
10
Calculate the remainder when 1322 is divided by 221.
217
What is the remainder when 332076 is divided by 21?
3
What is the remainder when 13781 is divided by 633?
488
Calculate the remainder when 1304 is divided by 116.
28
What is the remainder when 504530 is divided by 16?
2
Calculate the remainder when 294481 is divided by 83.
80
What is the remainder when 11691 is divided by 1449?
99
Calculate the remainder when 60512 is divided by 77.
67
Calculate the remainder when 1694 is divided by 64.
30
What is the remainder when 5190 is divided by 1632?
294
What is the remainder when 7793 is divided by 37?
23
What is the remainder when 2204075 is divided by 6?
5
Calculate the remainder when 44059 is divided by 11013.
7
Calculate the remainder when 774387 is divided by 1100.
1087
Calculate the remainder when 26759 is divided by 26727.
32
Calculate the remainder when 6957 is divided by 54.
45
Calculate the remainder when 4343 is divided by 103.
17
Calculate the remainder when 6588 is divided by 690.
378
What is the remainder when 330404 is divided by 1566?
1544
What is the remainder when 243850 is divided by 82?
64
What is the remainder when 3919 is divided by 1957?
5
What is the remainder when 39265 is divided by 9?
7
Calculate the remainder when 933 is divided by 37.
8
What is the remainder when 96692 is divided by 153?
149
What is the remainder when 7784 is divided by 34?
32
What is the remainder when 4177 is divided by 95?
92
Calculate the remainder when 2448 is divided by 23.
10
What is the remainder when 35912 is divided by 35720?
192
What is the remainder when 55186 is divided by 613?
16
Calculate the remainder when 49695 is divided by 32.
31
Calculate the remainder when 124404 is divided by 7774.
20
Calculate the remainder when 1296 is divided by 154.
64
What is the remainder when 33553 is divided by 906?
31
Calculate the remainder when 1442 is divided by 364.
350
What is the remainder when 61074 is divided by 20324?
102
What is the remainder when 2828 is divided by 2818?
10
Calculate the remainder when 6437 is divided by 257.
12
What is the remainder when 16402 is divided by 36?
22
Calculate the remainder when 124599 is divided by 350.
349
Calculate the remainder when 10386 is divided by 46.
36
What is the remainder when 1277 is divided by 320?
317
What is the remainder when 14190 is divided by 31?
23
Calculate the remainder when 161820 is divided by 391.
337
Calculate the remainder when 359350 is divided by 81.
34
What is the remainder when 3949 is divided by 516?
337
What is the remainder when 3617 is divided by 512?
33
What is the remainder when 53376 is divided by 14?
8
Calculate the remainder when 1138727 is divided by 230.
227
Calculate the remainder when 2354 is divided by 2116.
238
What is the remainder when 21287 is divided by 401?
34
Calculate the remainder when 2776 is divided by 107.
101
What is the remainder when 2618 is divided by 62?
14
Calculate the remainder when 64839 is divided by 101.
98
What is the remainder when 2651 is divided by 348?
215
Calculate the remainder when 25898 is divided by 809.
10
What is the remainder when 3286 is divided by 1623?
40
What is the remainder when 5048 is divided by 1591?
275
Calculate t